emainder when 2204133 is divided by 3016.
2453
Calculate the remainder when 17181007 is divided by 2454424.
39
What is the remainder when 17631 is divided by 17203?
428
Calculate the remainder when 44940 is divided by 473.
5
Calculate the remainder when 22106657 is divided by 68.
61
Calculate the remainder when 14863 is divided by 4915.
118
Calculate the remainder when 968668 is divided by 13090.
8
What is the remainder when 5422534 is divided by 7?
5
What is the remainder when 846611 is divided by 93987?
728
What is the remainder when 917513 is divided by 53970?
23
What is the remainder when 1238671 is divided by 353?
347
Calculate the remainder when 147476 is divided by 148.
68
Calculate the remainder when 105080 is divided by 203.
129
Calculate the remainder when 180045 is divided by 86498.
7049
What is the remainder when 1539762 is divided by 3908?
10
What is the remainder when 36522 is divided by 31055?
5467
What is the remainder when 137360 is divided by 117?
2
What is the remainder when 5038144 is divided by 112?
48
Calculate the remainder when 7507586 is divided by 3533.
3494
Calculate the remainder when 221903 is divided by 110488.
927
Calculate the remainder when 70132565 is divided by 3.
2
Calculate the remainder when 3259856 is divided by 362204.
20
What is the remainder when 23510359 is divided by 6?
1
Calculate the remainder when 2895052 is divided by 723732.
124
What is the remainder when 70208 is divided by 11101?
3602
Calculate the remainder when 146257 is divided by 6646.
45
Calculate the remainder when 379417 is divided by 2328.
2281
Calculate the remainder when 5664764 is divided by 5664673.
91
Calculate the remainder when 2509806 is divided by 28.
26
Calculate the remainder when 464464 is divided by 133.
28
What is the remainder when 2845765 is divided by 1422877?
11
Calculate the remainder when 367410 is divided by 324.
318
Calculate the remainder when 87599 is divided by 3669.
3212
Calculate the remainder when 1640316 is divided by 68346.
12
What is the remainder when 5800657 is divided by 175777?
16
Calculate the remainder when 71862 is divided by 1009.
223
What is the remainder when 285488133 is divided by 72?
69
What is the remainder when 1055646 is divided by 113?
0
What is the remainder when 6378797 is divided by 134?
129
Calculate the remainder when 2024036 is divided by 324.
8
What is the remainder when 182020 is divided by 169?
7
Calculate the remainder when 575540 is divided by 12785.
215
Calculate the remainder when 7833384 is divided by 3375.
9
What is the remainder when 4611649 is divided by 410?
379
Calculate the remainder when 2815638 is divided by 3889.
2
What is the remainder when 1722423 is divided by 430605?
3
Calculate the remainder when 98400 is divided by 687.
159
What is the remainder when 557263 is divided by 7031?
1814
Calculate the remainder when 37144606 is divided by 241.
240
Calculate the remainder when 37927 is divided by 1025.
2
What is the remainder when 27374793 is divided by 682?
677
Calculate the remainder when 680195 is divided by 135891.
740
Calculate the remainder when 904978 is divided by 31.
26
What is the remainder when 214579 is divided by 1626?
1573
Calculate the remainder when 872975 is divided by 80.
15
What is the remainder when 671564 is divided by 4418?
28
Calculate the remainder when 6464043 is divided by 381.
378
What is the remainder when 533711 is divided by 955?
821
Calculate the remainder when 6032680 is divided by 75.
55
Calculate the remainder when 1727140 is divided by 86357.
0
What is the remainder when 409311 is divided by 1073?
498
Calculate the remainder when 19181142 is divided by 566.
534
Calculate the remainder when 5340147 is divided by 942.
891
Calculate the remainder when 2465438 is divided by 1232684.
70
Calculate the remainder when 1263757 is divided by 522.
517
What is the remainder when 3961274 is divided by 1346?
1342
Calculate the remainder when 20108597 is divided by 232.
229
What is the remainder when 196946 is divided by 488?
282
Calculate the remainder when 13630370 is divided by 1044.
950
What is the remainder when 735270 is divided by 939?
33
Calculate the remainder when 247368 is divided by 48192.
6408
What is the remainder when 35638252 is divided by 121?
1
What is the remainder when 10853746 is divided by 1085373?
16
What is the remainder when 3223955 is divided by 76?
35
Calculate the remainder when 427146 is divided by 200.
146
What is the remainder when 22591382 is divided by 4850?
82
What is the remainder when 33587775 is divided by 83?
82
What is the remainder when 2288377 is divided by 27?
19
Calculate the remainder when 18684813 is divided by 248.
245
Calculate the remainder when 227000 is divided by 4730.
4690
Calculate the remainder when 588344 is divided by 2072.
1968
What is the remainder when 41492879 is divided by 10373213?
27
What is the remainder when 132719 is divided by 737?
59
What is the remainder when 262041 is divided by 2183?
81
What is the remainder when 53040 is divided by 17623?
171
What is the remainder when 5017466 is divided by 7?
6
Calculate the remainder when 66955 is divided by 2788.
43
What is the remainder when 6419211 is divided by 264?
51
Calculate the remainder when 8072483 is divided by 36.
23
Calculate the remainder when 63262 is divided by 3874.
1278
What is the remainder when 8244765 is divided by 758?
757
What is the remainder when 10723312 is divided by 143?
28
What is the remainder when 1016223 is divided by 6930?
4443
Calculate the remainder when 2714262 is divided by 152.
150
Calculate the remainder when 103777 is divided by 25932.
49
Calculate the remainder when 97758659 is divided by 1357759.
11
Calculate the remainder when 5009145 is divided by 174.
33
What is the remainder when 48488 is divided by 517?
407
Calculate the remainder when 153478 is divided by 30687.
43
What is the remainder when 80947 is divided by 11112?
3163
Calculate the remainder when 404303 is divided by 202077.
149
Calculate the remainder when 286023 is divided by 2653.
2152
Calculate the remainder when 718759 is divided by 65340.
19
What is the remainder when 14301394 is divided by 20?
14
What is the remainder when 309388 is divided by 6?
4
Calculate the remainder when 4498191 is divided by 976.
783
What is the remainder when 4839133 is divided by 79330?
3
What is the remainder when 1695442 is divided by 211906?
194
What is the remainder when 6970815 is divided by 67?
1
What is the remainder when 132558002 is divided by 44185998?
8
Calculate the remainder when 1506672 is divided by 146.
98
Calculate the remainder when 126339965 is divided by 132.
125
What is the remainder when 11753 is divided by 7889?
3864
Calculate the remainder when 189305 is divided by 4616.
49
Calculate the remainder when 74839 is divided by 36736.
1367
What is the remainder when 492208 is divided by 872?
400
What is the remainder when 1010886 is divided by 1100?
1086
What is the remainder when 62888 is divided by 4490?
28
Calculate the remainder when 48044246 is divided by 262.
258
Calculate the remainder when 6478424 is divided by 68.
64
What is the remainder when 1295549 is divided by 14082?
5
What is the remainder when 6498037 is divided by 90245?
397
Calculate the remainder when 42805 is divided by 20991.
823
What is the remainder when 3509991 is divided by 467?
19
Calculate the remainder when 58689199 is divided by 26.
23
What is the remainder when 45422193 is divided by 10?
3
What is the remainder when 140314 is divided by 71?
18
Calculate the remainder when 795230 is divided by 326.
116
What is the remainder when 375196 is divided by 40?
36
What is the remainder when 309861 is divided by 102422?
2595
What is the remainder when 9628 is divided by 573?
460
What is the remainder when 2435305 is divided by 1096?
1089
What is the remainder when 133892 is divided by 1452?
308
What is the remainder when 1557763 is divided by 778759?
245
Calculate the remainder when 45586660 is divided by 106.
88
What is the remainder when 13504883 is divided by 220?
183
Calculate the remainder when 27778650 is divided by 222.
12
Calculate the remainder when 123278 is divided by 11524.
8038
What is the remainder when 42452530 is divided by 68?
62
Calculate the rem